{"id":20,"date":"2025-08-26T05:56:25","date_gmt":"2025-08-26T05:56:25","guid":{"rendered":"http:\/\/projetvalcom.fr\/?page_id=20"},"modified":"2025-10-31T07:42:10","modified_gmt":"2025-10-31T07:42:10","slug":"carnet-bibliographique-valcom","status":"publish","type":"page","link":"https:\/\/projetvalcom.fr\/index.php\/carnet-bibliographique-valcom\/","title":{"rendered":"Carnet bibliographique"},"content":{"rendered":"\t\t<div data-elementor-type=\"wp-page\" data-elementor-id=\"20\" class=\"elementor elementor-20\">\n\t\t\t\t<div class=\"elementor-element elementor-element-258d8aeb e-con-full e-flex e-con e-parent\" data-id=\"258d8aeb\" data-element_type=\"container\">\n\t\t\t\t<div class=\"elementor-element elementor-element-64117db elementor-widget__width-initial elementor-widget elementor-widget-image\" data-id=\"64117db\" data-element_type=\"widget\" data-widget_type=\"image.default\">\n\t\t\t\t\t\t\t\t\t\t\t\t<figure class=\"wp-caption\">\n\t\t\t\t\t\t\t\t\t\t\t<a href=\"https:\/\/univ-smb.hal.science\/hal-03504648v1\/document\" target=\"_blank\">\n\t\t\t\t\t\t\t<img fetchpriority=\"high\" decoding=\"async\" width=\"251\" height=\"376\" src=\"https:\/\/projetvalcom.fr\/wp-content\/uploads\/2025\/08\/les-communaux-au-xxie-siecle.webp\" class=\"attachment-large size-large wp-image-229\" alt=\"\" srcset=\"https:\/\/projetvalcom.fr\/wp-content\/uploads\/2025\/08\/les-communaux-au-xxie-siecle.webp 251w, https:\/\/projetvalcom.fr\/wp-content\/uploads\/2025\/08\/les-communaux-au-xxie-siecle-200x300.webp 200w\" sizes=\"(max-width: 251px) 100vw, 251px\" \/>\t\t\t\t\t\t\t\t<\/a>\n\t\t\t\t\t\t\t\t\t\t\t<figcaption class=\"widget-image-caption wp-caption-text\">Lire l'extrait  \"Communaux : les p\u00e9r\u00e9grinations d\u2019un Ph\u00e9nix\" <\/figcaption>\n\t\t\t\t\t\t\t\t\t\t<\/figure>\n\t\t\t\t\t\t\t\t\t<\/div>\n\t\t\t\t<div class=\"elementor-element elementor-element-1233dc3 elementor-align-right elementor-widget__width-initial elementor-widget elementor-widget-button\" data-id=\"1233dc3\" data-element_type=\"widget\" data-widget_type=\"button.default\">\n\t\t\t\t\t\t\t\t\t\t<a class=\"elementor-button elementor-button-link elementor-size-sm\" href=\"http:\/\/projetvalcom.fr\/wp-content\/uploads\/2025\/10\/Carnet-bibliographique-Valcom-nov-2025.pdf\" target=\"_blank\">\n\t\t\t\t\t\t<span class=\"elementor-button-content-wrapper\">\n\t\t\t\t\t\t\t\t\t<span class=\"elementor-button-text\">Cliquez ici pour acc\u00e9der au carrnet complet des parutions 2019-2025<\/span>\n\t\t\t\t\t<\/span>\n\t\t\t\t\t<\/a>\n\t\t\t\t\t\t\t\t<\/div>\n\t\t\t\t<div class=\"elementor-element elementor-element-584fd080 elementor-widget elementor-widget-text-editor\" data-id=\"584fd080\" data-element_type=\"widget\" data-widget_type=\"text-editor.default\">\n\t\t\t\t\t\t\t\t\t\n<p>\u00a0<\/p>\n\n<ul class=\"wp-block-list\">\n<li><strong>S\u00e9lection de parutions en 2025<\/strong> (droit, sociologie, anthropologie, etc.) :<\/li>\n<\/ul>\n\n<p>\u2013 O. CHAVANON, Vieillir en commun : Le r\u00f4le social des syst\u00e8mes fonciers collectifs ancestraux dans les territoires ruraux de montagne, in \u00ab Vieillir en commun (s) \u00bb, <em><a href=\"https:\/\/journals.openedition.org\/rga\/14577\">Revue de g\u00e9ographie alpine<\/a> (RGA)<\/em>, 2025, 113-1, <a href=\"https:\/\/doi.org\/10.4000\/13wov\">https:\/\/doi.org\/10.4000\/13wov<\/a>\u00a0\u00a0 (\u00e9galement traduit en anglais)<\/p>\n\n<p>\u2013 J. AMBROSIO et J.-F. JOYE, \u00ab La persistance des communs fonciers en France : des syst\u00e8mes \u00e0 valoriser pour prot\u00e9ger populations et territoires alpins \u00bb, in <em>Les communs fonciers dans l\u2019espace Mont Blanc<\/em>, dir. R. Louvin, Edizioni scientifiche italiane), 2025, ISBN 978-88-495-5583-7, pp. 29-49<\/p>\n\n<p>\u2013 J.-F. JOYE, \u00ab\u00a0L\u2019affouage en section de commune. Une demande sociale \u00e0 satisfaire\u00a0\u00bb, Etude, <em>AJDA<\/em>, 3-2025, 132<\/p>\n\n<p>\u2013 Pagot, Giacomo, \u0160mid, Hribar Mateja, Rail, Lisa Francesca, G. WALTERS, O. HYMAS, J.-F. JOYE, Liechti, Karina, Tobias Haller, et al. Accepted. \u201cTerritories of Commons: A Review of Common Land Organizations and Institutions in the European Alps.\u201d <em>Environmental Research Letters<\/em>. \u2013<em>Environ. Res. Lett<\/em>. 20 (2025) 063001 <a href=\"https:\/\/iopscience.iop.org\/article\/10.1088\/1748-9326\/add1f4\">https:\/\/iopscience.iop.org\/article\/10.1088\/1748-9326\/add1f4<\/a><\/p>\n\n<p>\u2013 J.-F. JOYE, \u00ab Propriet\u00e0 collettiva e agricoltura sostenibile: la necessit\u00e0 di mantenere un modello fuori mercato di attribuzione dei terreni agricoli. L\u2019esempio delle sections de commune in Francia\u00a0\u00bb, revue <em>Archivio Scialoja-Bolla<\/em>, Universit\u00e9 de Trento, ed. scientifiche italiane, ISSN 2389-3362, vol. 1-2025, pp. 63-77<\/p>\n\n<p>\u2013 Locatelli, Bruno, Sandra Lavorel, Matthew J. Colloff, Emilie Crouzat, Enora Bruley, Giacomo Fedele, Adrienne Gr\u00eat-Regamey, G. WALTERS et al. 2025. \u201cIntertwined People\u2013Nature Relations Are Central to Nature-Based Adaptation to Climate Change.\u201d <em>Philosophical Transactions of the Royal Society B: Biological Sciences<\/em> 380 (1917): 20230213. <a href=\"https:\/\/doi.org\/10.1098\/rstb.2023.0213\">https:\/\/doi.org\/10.1098\/rstb.2023.0213<\/a>.<\/p>\n\t\t\t\t\t\t\t\t<\/div>\n\t\t\t\t<\/div>\n\t\t\t\t<\/div>\n\t\t","protected":false},"excerpt":{"rendered":"<p>Lire l&rsquo;extrait \u00ab\u00a0Communaux : les p\u00e9r\u00e9grinations d\u2019un Ph\u00e9nix\u00a0\u00bb Cliquez ici pour acc\u00e9der au carrnet complet des parutions 2019-2025 \u00a0 \u2013 [&hellip;]<\/p>\n","protected":false},"author":1,"featured_media":0,"parent":0,"menu_order":0,"comment_status":"closed","ping_status":"closed","template":"","meta":{"site-sidebar-layout":"default","site-content-layout":"","ast-site-content-layout":"default","site-content-style":"default","site-sidebar-style":"default","ast-global-header-display":"","ast-banner-title-visibility":"","ast-main-header-display":"","ast-hfb-above-header-display":"","ast-hfb-below-header-display":"","ast-hfb-mobile-header-display":"","site-post-title":"","ast-breadcrumbs-content":"","ast-featured-img":"","footer-sml-layout":"","theme-transparent-header-meta":"","adv-header-id-meta":"","stick-header-meta":"","header-above-stick-meta":"","header-main-stick-meta":"","header-below-stick-meta":"","astra-migrate-meta-layouts":"default","ast-page-background-enabled":"default","ast-page-background-meta":{"desktop":{"background-color":"var(--ast-global-color-5)","background-image":"","background-repeat":"repeat","background-position":"center center","background-size":"auto","background-attachment":"scroll","background-type":"","background-media":"","overlay-type":"","overlay-color":"","overlay-opacity":"","overlay-gradient":""},"tablet":{"background-color":"","background-image":"","background-repeat":"repeat","background-position":"center center","background-size":"auto","background-attachment":"scroll","background-type":"","background-media":"","overlay-type":"","overlay-color":"","overlay-opacity":"","overlay-gradient":""},"mobile":{"background-color":"","background-image":"","background-repeat":"repeat","background-position":"center center","background-size":"auto","background-attachment":"scroll","background-type":"","background-media":"","overlay-type":"","overlay-color":"","overlay-opacity":"","overlay-gradient":""}},"ast-content-background-meta":{"desktop":{"background-color":"var(--ast-global-color-4)","background-image":"","background-repeat":"repeat","background-position":"center center","background-size":"auto","background-attachment":"scroll","background-type":"","background-media":"","overlay-type":"","overlay-color":"","overlay-opacity":"","overlay-gradient":""},"tablet":{"background-color":"var(--ast-global-color-4)","background-image":"","background-repeat":"repeat","background-position":"center center","background-size":"auto","background-attachment":"scroll","background-type":"","background-media":"","overlay-type":"","overlay-color":"","overlay-opacity":"","overlay-gradient":""},"mobile":{"background-color":"var(--ast-global-color-4)","background-image":"","background-repeat":"repeat","background-position":"center center","background-size":"auto","background-attachment":"scroll","background-type":"","background-media":"","overlay-type":"","overlay-color":"","overlay-opacity":"","overlay-gradient":""}},"footnotes":""},"class_list":["post-20","page","type-page","status-publish","hentry"],"_links":{"self":[{"href":"https:\/\/projetvalcom.fr\/index.php\/wp-json\/wp\/v2\/pages\/20","targetHints":{"allow":["GET"]}}],"collection":[{"href":"https:\/\/projetvalcom.fr\/index.php\/wp-json\/wp\/v2\/pages"}],"about":[{"href":"https:\/\/projetvalcom.fr\/index.php\/wp-json\/wp\/v2\/types\/page"}],"author":[{"embeddable":true,"href":"https:\/\/projetvalcom.fr\/index.php\/wp-json\/wp\/v2\/users\/1"}],"replies":[{"embeddable":true,"href":"https:\/\/projetvalcom.fr\/index.php\/wp-json\/wp\/v2\/comments?post=20"}],"version-history":[{"count":47,"href":"https:\/\/projetvalcom.fr\/index.php\/wp-json\/wp\/v2\/pages\/20\/revisions"}],"predecessor-version":[{"id":960,"href":"https:\/\/projetvalcom.fr\/index.php\/wp-json\/wp\/v2\/pages\/20\/revisions\/960"}],"wp:attachment":[{"href":"https:\/\/projetvalcom.fr\/index.php\/wp-json\/wp\/v2\/media?parent=20"}],"curies":[{"name":"wp","href":"https:\/\/api.w.org\/{rel}","templated":true}]}}